{"id":56335,"date":"2025-03-12T10:19:08","date_gmt":"2025-03-12T09:19:08","guid":{"rendered":"https:\/\/www.urbanbiker.com\/?post_type=product&#038;p=56335"},"modified":"2025-11-18T10:24:47","modified_gmt":"2025-11-18T09:24:47","slug":"controleur-36v-bafang-pour-mini","status":"publish","type":"product","link":"https:\/\/www.urbanbiker.com\/fr\/produit\/controleur-36v-bafang-pour-mini\/","title":{"rendered":"Contr\u00f4leur 36V Bafang pour Mini"},"content":{"rendered":"\t\t<div data-elementor-type=\"wp-post\" data-elementor-id=\"56335\" class=\"elementor elementor-56335 elementor-56320\">\n\t\t\t\t\t\t<section class=\"elementor-section elementor-top-section elementor-element elementor-element-7d173ffd elementor-section-boxed elementor-section-height-default elementor-section-height-default\" data-id=\"7d173ffd\" data-element_type=\"section\" data-e-type=\"section\">\n\t\t\t\t\t\t<div class=\"elementor-container elementor-column-gap-default\">\n\t\t\t\t\t<div class=\"elementor-column elementor-col-100 elementor-top-column elementor-element elementor-element-1df96601\" data-id=\"1df96601\" data-element_type=\"column\" data-e-type=\"column\">\n\t\t\t<div class=\"elementor-widget-wrap elementor-element-populated\">\n\t\t\t\t\n\t\t<div class=\"elementor-element elementor-element-24a79f59 elementor-widget elementor-widget-text-editor\" data-id=\"24a79f59\" data-element_type=\"widget\" data-e-type=\"widget\" data-widget_type=\"text-editor.default\">\n\t\t\t\t<div class=\"elementor-widget-container\">\n\t\t\t\t\t\t\t\t\t<h6><strong>Important : Pr\u00e9-diagnostic<\/strong><\/h6><p>Pour \u00eatre s\u00fbr d\u2019acheter la bonne pi\u00e8ce, il est essentiel d\u2019\u00e9tablir un diagnostic pr\u00e9cis. Si le probl\u00e8me n\u2019est pas correctement identifi\u00e9, le composant risque de ne pas r\u00e9soudre la panne, voire d\u2019endommager le syst\u00e8me \u00e9lectrique.<\/p><p>\u2757\u00a0<strong>Aucun retour ne sera accept\u00e9<\/strong>\u00a0sans un diagnostic pr\u00e9alable avec notre \u00e9quipe. Veuillez contacter nos agents avant d\u2019acheter.<\/p>\t\t\t\t\t\t\t\t<\/div>\n\t\t\t\t<\/div>\n\t\t\t\t\t<\/div>\n\t\t<\/div>\n\t\t\t\t\t<\/div>\n\t\t<\/section>\n\t\t\t\t<\/div>\n\t\t","protected":false},"excerpt":{"rendered":"<h6><strong>Contr\u00f4leur 36V Bafang pour Mini<\/strong><\/h6>\n<p>Compatible avec le mod\u00e8le UrbanBiker Mini \u00e9quip\u00e9 du syst\u00e8me Bafang.<\/p>\n","protected":false},"featured_media":0,"template":"","meta":[],"product_cat":[342,375],"product_tag":[],"class_list":{"0":"post-56335","1":"product","2":"type-product","3":"status-publish","5":"product_cat-composants","6":"product_cat-controleurs","7":"pa_ebike-mini","8":"pa_tamano-rueda-20-fr","10":"first","11":"instock","12":"taxable","13":"shipping-taxable","14":"purchasable","15":"product-type-simple"},"atum_controlled":true,"out_stock_date":null,"out_stock_threshold":null,"inheritable":false,"stock_on_hold":0,"sold_today":0,"sales_last_days":0,"out_stock_days":0,"lost_sales":0,"update_date":"2026-04-30T00:28:04","atum_locations":[],"atum_stock_status":"instock","restock_status":false,"low_stock_amount":"","sales_update_date":"2026-04-30T00:28:04","calc_backorders":null,"yoast_head":"<!-- This site is optimized with the Yoast SEO plugin v27.5 - https:\/\/yoast.com\/product\/yoast-seo-wordpress\/ -->\n<title>Contr\u00f4leur 36V Bafang pour Mini | Contr\u00f4leurs UrbanBiker<\/title>\n<meta name=\"description\" content=\"Contr\u00f4leur Bafang CR A101.C-36V pour v\u00e9lo electrique UrbanBiker Mini. | Contr\u00f4leurs UrbanBiker\" \/>\n<meta name=\"robots\" content=\"index, follow, max-snippet:-1, max-image-preview:large, max-video-preview:-1\" \/>\n<link rel=\"canonical\" href=\"https:\/\/www.urbanbiker.com\/fr\/produit\/controleur-36v-bafang-pour-mini\/\" \/>\n<meta property=\"og:locale\" content=\"fr_FR\" \/>\n<meta property=\"og:type\" content=\"article\" \/>\n<meta property=\"og:title\" content=\"Contr\u00f4leur 36V Bafang pour Mini | Contr\u00f4leurs UrbanBiker\" \/>\n<meta property=\"og:description\" content=\"Contr\u00f4leur Bafang CR A101.C-36V pour v\u00e9lo electrique UrbanBiker Mini. | Contr\u00f4leurs UrbanBiker\" \/>\n<meta property=\"og:url\" content=\"https:\/\/www.urbanbiker.com\/fr\/produit\/controleur-36v-bafang-pour-mini\/\" \/>\n<meta property=\"og:site_name\" content=\"UrbanBiker\" \/>\n<meta property=\"article:publisher\" content=\"https:\/\/www.facebook.com\/Urbanbikerbiciselectricas\" \/>\n<meta property=\"article:modified_time\" content=\"2025-11-18T09:24:47+00:00\" \/>\n<meta name=\"twitter:card\" content=\"summary_large_image\" \/>\n<meta name=\"twitter:label1\" content=\"Dur\u00e9e de lecture estim\u00e9e\" \/>\n\t<meta name=\"twitter:data1\" content=\"1 minute\" \/>\n<script type=\"application\/ld+json\" class=\"yoast-schema-graph\">{\"@context\":\"https:\\\/\\\/schema.org\",\"@graph\":[{\"@type\":\"WebPage\",\"@id\":\"https:\\\/\\\/www.urbanbiker.com\\\/fr\\\/produit\\\/controleur-36v-bafang-pour-mini\\\/\",\"url\":\"https:\\\/\\\/www.urbanbiker.com\\\/fr\\\/produit\\\/controleur-36v-bafang-pour-mini\\\/\",\"name\":\"Contr\u00f4leur 36V Bafang pour Mini | Contr\u00f4leurs UrbanBiker\",\"isPartOf\":{\"@id\":\"https:\\\/\\\/www.urbanbiker.com\\\/fr\\\/#website\"},\"datePublished\":\"2025-03-12T09:19:08+00:00\",\"dateModified\":\"2025-11-18T09:24:47+00:00\",\"description\":\"Contr\u00f4leur Bafang CR A101.C-36V pour v\u00e9lo electrique UrbanBiker Mini. | Contr\u00f4leurs UrbanBiker\",\"breadcrumb\":{\"@id\":\"https:\\\/\\\/www.urbanbiker.com\\\/fr\\\/produit\\\/controleur-36v-bafang-pour-mini\\\/#breadcrumb\"},\"inLanguage\":\"fr-FR\",\"potentialAction\":[{\"@type\":\"ReadAction\",\"target\":[\"https:\\\/\\\/www.urbanbiker.com\\\/fr\\\/produit\\\/controleur-36v-bafang-pour-mini\\\/\"]}]},{\"@type\":\"BreadcrumbList\",\"@id\":\"https:\\\/\\\/www.urbanbiker.com\\\/fr\\\/produit\\\/controleur-36v-bafang-pour-mini\\\/#breadcrumb\",\"itemListElement\":[{\"@type\":\"ListItem\",\"position\":1,\"name\":\"Portada\",\"item\":\"https:\\\/\\\/www.urbanbiker.com\\\/fr\\\/\"},{\"@type\":\"ListItem\",\"position\":2,\"name\":\"Boutique de v\u00e9los \u00e9lectriques\",\"item\":\"https:\\\/\\\/www.urbanbiker.com\\\/fr\\\/boutique-velos-electriques\\\/\"},{\"@type\":\"ListItem\",\"position\":3,\"name\":\"Contr\u00f4leur 36V Bafang pour Mini\"}]},{\"@type\":\"WebSite\",\"@id\":\"https:\\\/\\\/www.urbanbiker.com\\\/fr\\\/#website\",\"url\":\"https:\\\/\\\/www.urbanbiker.com\\\/fr\\\/\",\"name\":\"UrbanBiker\",\"description\":\"V\u00e9los \u00e9lectriques\",\"publisher\":{\"@id\":\"https:\\\/\\\/www.urbanbiker.com\\\/fr\\\/#organization\"},\"potentialAction\":[{\"@type\":\"SearchAction\",\"target\":{\"@type\":\"EntryPoint\",\"urlTemplate\":\"https:\\\/\\\/www.urbanbiker.com\\\/fr\\\/?s={search_term_string}\"},\"query-input\":{\"@type\":\"PropertyValueSpecification\",\"valueRequired\":true,\"valueName\":\"search_term_string\"}}],\"inLanguage\":\"fr-FR\"},{\"@type\":\"Organization\",\"@id\":\"https:\\\/\\\/www.urbanbiker.com\\\/fr\\\/#organization\",\"name\":\"UrbanBiker\",\"url\":\"https:\\\/\\\/www.urbanbiker.com\\\/fr\\\/\",\"logo\":{\"@type\":\"ImageObject\",\"inLanguage\":\"fr-FR\",\"@id\":\"https:\\\/\\\/www.urbanbiker.com\\\/fr\\\/#\\\/schema\\\/logo\\\/image\\\/\",\"url\":\"https:\\\/\\\/www.urbanbiker.com\\\/wp-content\\\/uploads\\\/2022\\\/09\\\/Logo-principal-sin-fondo.png\",\"contentUrl\":\"https:\\\/\\\/www.urbanbiker.com\\\/wp-content\\\/uploads\\\/2022\\\/09\\\/Logo-principal-sin-fondo.png\",\"width\":2560,\"height\":934,\"caption\":\"UrbanBiker\"},\"image\":{\"@id\":\"https:\\\/\\\/www.urbanbiker.com\\\/fr\\\/#\\\/schema\\\/logo\\\/image\\\/\"},\"sameAs\":[\"https:\\\/\\\/www.facebook.com\\\/Urbanbikerbiciselectricas\",\"https:\\\/\\\/www.instagram.com\\\/urbanbiker_\\\/\",\"https:\\\/\\\/www.linkedin.com\\\/company\\\/2454235\",\"https:\\\/\\\/www.youtube.com\\\/channel\\\/UCWR__uH_RWJF-OhPfz-9-Qw\"]}]}<\/script>\n<!-- \/ Yoast SEO plugin. -->","yoast_head_json":{"title":"Contr\u00f4leur 36V Bafang pour Mini | Contr\u00f4leurs UrbanBiker","description":"Contr\u00f4leur Bafang CR A101.C-36V pour v\u00e9lo electrique UrbanBiker Mini. | Contr\u00f4leurs UrbanBiker","robots":{"index":"index","follow":"follow","max-snippet":"max-snippet:-1","max-image-preview":"max-image-preview:large","max-video-preview":"max-video-preview:-1"},"canonical":"https:\/\/www.urbanbiker.com\/fr\/produit\/controleur-36v-bafang-pour-mini\/","og_locale":"fr_FR","og_type":"article","og_title":"Contr\u00f4leur 36V Bafang pour Mini | Contr\u00f4leurs UrbanBiker","og_description":"Contr\u00f4leur Bafang CR A101.C-36V pour v\u00e9lo electrique UrbanBiker Mini. | Contr\u00f4leurs UrbanBiker","og_url":"https:\/\/www.urbanbiker.com\/fr\/produit\/controleur-36v-bafang-pour-mini\/","og_site_name":"UrbanBiker","article_publisher":"https:\/\/www.facebook.com\/Urbanbikerbiciselectricas","article_modified_time":"2025-11-18T09:24:47+00:00","twitter_card":"summary_large_image","twitter_misc":{"Dur\u00e9e de lecture estim\u00e9e":"1 minute"},"schema":{"@context":"https:\/\/schema.org","@graph":[{"@type":"WebPage","@id":"https:\/\/www.urbanbiker.com\/fr\/produit\/controleur-36v-bafang-pour-mini\/","url":"https:\/\/www.urbanbiker.com\/fr\/produit\/controleur-36v-bafang-pour-mini\/","name":"Contr\u00f4leur 36V Bafang pour Mini | Contr\u00f4leurs UrbanBiker","isPartOf":{"@id":"https:\/\/www.urbanbiker.com\/fr\/#website"},"datePublished":"2025-03-12T09:19:08+00:00","dateModified":"2025-11-18T09:24:47+00:00","description":"Contr\u00f4leur Bafang CR A101.C-36V pour v\u00e9lo electrique UrbanBiker Mini. | Contr\u00f4leurs UrbanBiker","breadcrumb":{"@id":"https:\/\/www.urbanbiker.com\/fr\/produit\/controleur-36v-bafang-pour-mini\/#breadcrumb"},"inLanguage":"fr-FR","potentialAction":[{"@type":"ReadAction","target":["https:\/\/www.urbanbiker.com\/fr\/produit\/controleur-36v-bafang-pour-mini\/"]}]},{"@type":"BreadcrumbList","@id":"https:\/\/www.urbanbiker.com\/fr\/produit\/controleur-36v-bafang-pour-mini\/#breadcrumb","itemListElement":[{"@type":"ListItem","position":1,"name":"Portada","item":"https:\/\/www.urbanbiker.com\/fr\/"},{"@type":"ListItem","position":2,"name":"Boutique de v\u00e9los \u00e9lectriques","item":"https:\/\/www.urbanbiker.com\/fr\/boutique-velos-electriques\/"},{"@type":"ListItem","position":3,"name":"Contr\u00f4leur 36V Bafang pour Mini"}]},{"@type":"WebSite","@id":"https:\/\/www.urbanbiker.com\/fr\/#website","url":"https:\/\/www.urbanbiker.com\/fr\/","name":"UrbanBiker","description":"V\u00e9los \u00e9lectriques","publisher":{"@id":"https:\/\/www.urbanbiker.com\/fr\/#organization"},"potentialAction":[{"@type":"SearchAction","target":{"@type":"EntryPoint","urlTemplate":"https:\/\/www.urbanbiker.com\/fr\/?s={search_term_string}"},"query-input":{"@type":"PropertyValueSpecification","valueRequired":true,"valueName":"search_term_string"}}],"inLanguage":"fr-FR"},{"@type":"Organization","@id":"https:\/\/www.urbanbiker.com\/fr\/#organization","name":"UrbanBiker","url":"https:\/\/www.urbanbiker.com\/fr\/","logo":{"@type":"ImageObject","inLanguage":"fr-FR","@id":"https:\/\/www.urbanbiker.com\/fr\/#\/schema\/logo\/image\/","url":"https:\/\/www.urbanbiker.com\/wp-content\/uploads\/2022\/09\/Logo-principal-sin-fondo.png","contentUrl":"https:\/\/www.urbanbiker.com\/wp-content\/uploads\/2022\/09\/Logo-principal-sin-fondo.png","width":2560,"height":934,"caption":"UrbanBiker"},"image":{"@id":"https:\/\/www.urbanbiker.com\/fr\/#\/schema\/logo\/image\/"},"sameAs":["https:\/\/www.facebook.com\/Urbanbikerbiciselectricas","https:\/\/www.instagram.com\/urbanbiker_\/","https:\/\/www.linkedin.com\/company\/2454235","https:\/\/www.youtube.com\/channel\/UCWR__uH_RWJF-OhPfz-9-Qw"]}]}},"_links":{"self":[{"href":"https:\/\/www.urbanbiker.com\/fr\/wp-json\/wp\/v2\/product\/56335","targetHints":{"allow":["GET"]}}],"collection":[{"href":"https:\/\/www.urbanbiker.com\/fr\/wp-json\/wp\/v2\/product"}],"about":[{"href":"https:\/\/www.urbanbiker.com\/fr\/wp-json\/wp\/v2\/types\/product"}],"version-history":[{"count":4,"href":"https:\/\/www.urbanbiker.com\/fr\/wp-json\/wp\/v2\/product\/56335\/revisions"}],"predecessor-version":[{"id":56973,"href":"https:\/\/www.urbanbiker.com\/fr\/wp-json\/wp\/v2\/product\/56335\/revisions\/56973"}],"wp:attachment":[{"href":"https:\/\/www.urbanbiker.com\/fr\/wp-json\/wp\/v2\/media?parent=56335"}],"wp:term":[{"taxonomy":"product_cat","embeddable":true,"href":"https:\/\/www.urbanbiker.com\/fr\/wp-json\/wp\/v2\/product_cat?post=56335"},{"taxonomy":"product_tag","embeddable":true,"href":"https:\/\/www.urbanbiker.com\/fr\/wp-json\/wp\/v2\/product_tag?post=56335"}],"curies":[{"name":"wp","href":"https:\/\/api.w.org\/{rel}","templated":true}]}}

Contrôleur 36V Bafang pour Mini

<div data-elementor-type="wp-post" data-elementor-id="56335" class="elementor elementor-56335 elementor-56320">
						<section class="elementor-section elementor-top-section elementor-element elementor-element-7d173ffd elementor-section-boxed elementor-section-height-default elementor-section-height-default" data-id="7d173ffd" data-element_type="section" data-e-type="section">
						<div class="elementor-container elementor-column-gap-default">
					<div class="elementor-column elementor-col-100 elementor-top-column elementor-element elementor-element-1df96601" data-id="1df96601" data-element_type="column" data-e-type="column">
			<div class="elementor-widget-wrap elementor-element-populated">
				
		<div class="elementor-element elementor-element-24a79f59 elementor-widget elementor-widget-text-editor" data-id="24a79f59" data-element_type="widget" data-e-type="widget" data-widget_type="text-editor.default">
				<div class="elementor-widget-container">
									<h6><strong>Important : Pré-diagnostic</strong></h6><p>Pour être sûr d’acheter la bonne pièce, il est essentiel d’établir un diagnostic précis. Si le problème n’est pas correctement identifié, le composant risque de ne pas résoudre la panne, voire d’endommager le système électrique.</p><p>❗ <strong>Aucun retour ne sera accepté</strong> sans un diagnostic préalable avec notre équipe. Veuillez contacter nos agents avant d’acheter.</p>								</div>
				</div>
					</div>
		</div>
					</div>
		</section>
				</div>

<h6><strong>Contrôleur 36V Bafang pour Mini</strong></h6>
<p>Compatible avec le modèle UrbanBiker Mini équipé du système Bafang.</p>

<!-- This site is optimized with the Yoast SEO plugin v27.5 - https://yoast.com/product/yoast-seo-wordpress/ -->
<title>Contrôleur 36V Bafang pour Mini | Contrôleurs UrbanBiker</title>
<meta name="description" content="Contrôleur Bafang CR A101.C-36V pour vélo electrique UrbanBiker Mini. | Contrôleurs UrbanBiker" />
<meta name="robots" content="index, follow, max-snippet:-1, max-image-preview:large, max-video-preview:-1" />
<link rel="canonical" href="https://www.urbanbiker.com/fr/produit/controleur-36v-bafang-pour-mini/" />
<meta property="og:locale" content="fr_FR" />
<meta property="og:type" content="article" />
<meta property="og:title" content="Contrôleur 36V Bafang pour Mini | Contrôleurs UrbanBiker" />
<meta property="og:description" content="Contrôleur Bafang CR A101.C-36V pour vélo electrique UrbanBiker Mini. | Contrôleurs UrbanBiker" />
<meta property="og:url" content="https://www.urbanbiker.com/fr/produit/controleur-36v-bafang-pour-mini/" />
<meta property="og:site_name" content="UrbanBiker" />
<meta property="article:publisher" content="https://www.facebook.com/Urbanbikerbiciselectricas" />
<meta property="article:modified_time" content="2025-11-18T09:24:47+00:00" />
<meta name="twitter:card" content="summary_large_image" />
<meta name="twitter:label1" content="Durée de lecture estimée" />
	<meta name="twitter:data1" content="1 minute" />
<script type="application/ld+json" class="yoast-schema-graph">{"@context":"https:\/\/schema.org","@graph":[{"@type":"WebPage","@id":"https:\/\/www.urbanbiker.com\/fr\/produit\/controleur-36v-bafang-pour-mini\/","url":"https:\/\/www.urbanbiker.com\/fr\/produit\/controleur-36v-bafang-pour-mini\/","name":"Contrôleur 36V Bafang pour Mini | Contrôleurs UrbanBiker","isPartOf":{"@id":"https:\/\/www.urbanbiker.com\/fr\/#website"},"datePublished":"2025-03-12T09:19:08+00:00","dateModified":"2025-11-18T09:24:47+00:00","description":"Contrôleur Bafang CR A101.C-36V pour vélo electrique UrbanBiker Mini. | Contrôleurs UrbanBiker","breadcrumb":{"@id":"https:\/\/www.urbanbiker.com\/fr\/produit\/controleur-36v-bafang-pour-mini\/#breadcrumb"},"inLanguage":"fr-FR","potentialAction":[{"@type":"ReadAction","target":["https:\/\/www.urbanbiker.com\/fr\/produit\/controleur-36v-bafang-pour-mini\/"]}]},{"@type":"BreadcrumbList","@id":"https:\/\/www.urbanbiker.com\/fr\/produit\/controleur-36v-bafang-pour-mini\/#breadcrumb","itemListElement":[{"@type":"ListItem","position":1,"name":"Portada","item":"https:\/\/www.urbanbiker.com\/fr\/"},{"@type":"ListItem","position":2,"name":"Boutique de vélos électriques","item":"https:\/\/www.urbanbiker.com\/fr\/boutique-velos-electriques\/"},{"@type":"ListItem","position":3,"name":"Contrôleur 36V Bafang pour Mini"}]},{"@type":"WebSite","@id":"https:\/\/www.urbanbiker.com\/fr\/#website","url":"https:\/\/www.urbanbiker.com\/fr\/","name":"UrbanBiker","description":"Vélos électriques","publisher":{"@id":"https:\/\/www.urbanbiker.com\/fr\/#organization"},"potentialAction":[{"@type":"SearchAction","target":{"@type":"EntryPoint","urlTemplate":"https:\/\/www.urbanbiker.com\/fr\/?s={search_term_string}"},"query-input":{"@type":"PropertyValueSpecification","valueRequired":true,"valueName":"search_term_string"}}],"inLanguage":"fr-FR"},{"@type":"Organization","@id":"https:\/\/www.urbanbiker.com\/fr\/#organization","name":"UrbanBiker","url":"https:\/\/www.urbanbiker.com\/fr\/","logo":{"@type":"ImageObject","inLanguage":"fr-FR","@id":"https:\/\/www.urbanbiker.com\/fr\/#\/schema\/logo\/image\/","url":"https:\/\/www.urbanbiker.com\/wp-content\/uploads\/2022\/09\/Logo-principal-sin-fondo.png","contentUrl":"https:\/\/www.urbanbiker.com\/wp-content\/uploads\/2022\/09\/Logo-principal-sin-fondo.png","width":2560,"height":934,"caption":"UrbanBiker"},"image":{"@id":"https:\/\/www.urbanbiker.com\/fr\/#\/schema\/logo\/image\/"},"sameAs":["https:\/\/www.facebook.com\/Urbanbikerbiciselectricas","https:\/\/www.instagram.com\/urbanbiker_\/","https:\/\/www.linkedin.com\/company\/2454235","https:\/\/www.youtube.com\/channel\/UCWR__uH_RWJF-OhPfz-9-Qw"]}]}</script>
<!-- / Yoast SEO plugin. -->

Contrôleur 36V Bafang pour Mini | Contrôleurs UrbanBiker

Contrôleur Bafang CR A101.C-36V pour vélo electrique UrbanBiker Mini. | Contrôleurs UrbanBiker

Boutique de vélos électriques

Vélos électriques
